{"id":312,"date":"2020-09-08T19:34:51","date_gmt":"2020-09-08T19:34:51","guid":{"rendered":"http:\/\/basilian.org\/vida-basiliana\/community-and-prayer-life\/"},"modified":"2020-09-08T19:36:01","modified_gmt":"2020-09-08T19:36:01","slug":"comunidad-y-vida-de-oracion","status":"publish","type":"page","link":"https:\/\/basilian.org\/es\/vida-basiliana\/comunidad-y-vida-de-oracion\/","title":{"rendered":"Comunidad y Vida de Oraci\u00f3n"},"content":{"rendered":"<p>El estilo de vida Basiliano es basado en una vida en comunidad y oraci\u00f3n y centrado en la eucarist\u00eda. Estamos llamados a una vida junto a nuestros hermanos en una expresi\u00f3n de la naturaleza comunitaria de la Iglesia y nuestro compromiso mutuo como hermanos. El coraz\u00f3n de la vida Cristiana para los Basilianos es la casa comunitaria donde vivimos en hermandad y como tales, adoramos, comemos y nos recreamos juntos, no con un esp\u00edritu de mera conformidad, sino esforz\u00e1ndonos por estar unidos de coraz\u00f3n y alma as\u00ed como lo hizo comunidad Cristiana anterior.<\/p>\n<p>La vida en comunidad no s\u00f3lo existe en las casas locales, sino que a trav\u00e9s de toda la congregaci\u00f3n donde se refleja bajo un sentido de compa\u00f1erismo con lo que todos los Basilianos est\u00e1n haciendo, un inter\u00e9s en el pasado y en el futuro de la Comunidad, y una voluntad por parte de los individuos y las comunidades locales para hacer los sacrificios que ser\u00e1n necesarios para el bien com\u00fan.<\/p>\n<p>Tanto como individuos como entes comunitarios tratamos de reconocer que el Padre, el Hijo y el Esp\u00edritu Santo moran con nosotros y nos laman para compartir su vida. La oraci\u00f3n es una respuesta necesaria a este llamado. Las personas a cuyo servicio estamos llamados cuentan con nosotros para alabar y agradecer continuamente al Padre por todo lo que ha hecho y para interceder entre nosotros y por todos los que est\u00e1n a nuestro cuidado. Sin una verdadera oraci\u00f3n de nuestra parte, la vida y el trabajo al que estamos llamados estar\u00edan m\u00e1s all\u00e1 de nuestras capacidades.<\/p>\n<p>Una de las expresiones es nuestra entrega de adoraci\u00f3n p\u00fablica. En cada una de nuestras casas se ofrecen la Eucarist\u00eda y oraciones matutinas y del atardecer de acuerdo a la Liturgia de las Horas. En la celebraci\u00f3n de la Eucarist\u00eda todos los Cristianos se unen bajo el Esp\u00edritu Santo. Por esta raz\u00f3n, la celebramos siempre que sea posible entre nosotros, as\u00ed como con aquellos con quienes trabajamos.<\/p>\n<p>Tal vez la mejor descripci\u00f3n de la espiritualidad Basiliana es un h\u00edbrido entre un diocesano y un orador religioso y el trabajo. Esto es porque los Basilianos fueron fundados por 10 sacerdotes diocesanos quienes se unieron durante la Revoluci\u00f3n Francesa. Nuestra espiritualidad vive en el trabajo de apostolado y el amor a Dios experimentado en la comunidad.<\/p>\n<p>En la pr\u00e1ctica, la espiritualidad Basiliana es muy parecida a la que se encuentra en el Libro Ben Sir\u00e1, porque creemos que todos los aspectos de la vida pueden llevar a una persona a Dios. Consideramos que no s\u00f3lo somos profesores y educadores de religi\u00f3n, sino que de todos los dem\u00e1s ramos de estudio: lenguaje, ciencias, humanidades, atletismo y m\u00e1s.<\/p>\n<p>Cada uno de estos, cuando se usan por amor y para el mejoramiento de nuestra comunidad, transmiten el amor de Dios por el mundo. Los Basilianos creen que la espiritualidad no se limita a nuestras iglesias y al discurso teol\u00f3gico, sino que se vive en cada pensamiento que se manifiesta en el mundo.<\/p>\n","protected":false},"excerpt":{"rendered":"<p>El estilo de vida Basiliano es basado en una vida en comunidad y oraci\u00f3n y centrado en la eucarist\u00eda. Estamos llamados a una vida junto a nuestros hermanos en una [&hellip;]<\/p>\n","protected":false},"author":282,"featured_media":3537,"parent":286,"menu_order":0,"comment_status":"closed","ping_status":"closed","template":"","meta":{"_bbp_topic_count":0,"_bbp_reply_count":0,"_bbp_total_topic_count":0,"_bbp_total_reply_count":0,"_bbp_voice_count":0,"_bbp_anonymous_reply_count":0,"_bbp_topic_count_hidden":0,"_bbp_reply_count_hidden":0,"_bbp_forum_subforum_count":0,"_uag_custom_page_level_css":"","footnotes":""},"acf":[],"yoast_head":"<!-- This site is optimized with the Yoast SEO plugin v20.3 - https:\/\/yoast.com\/wordpress\/plugins\/seo\/ -->\n<title>Comunidad y Vida de Oraci\u00f3n - Padres Basilianos - Congregaci\u00f3n de San Basilio<\/title>\n<meta name=\"robots\" content=\"index, follow, max-snippet:-1, max-image-preview:large, max-video-preview:-1\" \/>\n<link rel=\"canonical\" href=\"https:\/\/basilian.org\/es\/vida-basiliana\/comunidad-y-vida-de-oracion\/\" \/>\n<meta property=\"og:locale\" content=\"es_MX\" \/>\n<meta property=\"og:type\" content=\"article\" \/>\n<meta property=\"og:title\" content=\"Comunidad y Vida de Oraci\u00f3n - Padres Basilianos - Congregaci\u00f3n de San Basilio\" \/>\n<meta property=\"og:description\" content=\"El estilo de vida Basiliano es basado en una vida en comunidad y oraci\u00f3n y centrado en la eucarist\u00eda. Estamos llamados a una vida junto a nuestros hermanos en una [&hellip;]\" \/>\n<meta property=\"og:url\" content=\"https:\/\/basilian.org\/es\/vida-basiliana\/comunidad-y-vida-de-oracion\/\" \/>\n<meta property=\"og:site_name\" content=\"Padres Basilianos\" \/>\n<meta property=\"article:modified_time\" content=\"2020-09-08T19:36:01+00:00\" \/>\n<meta property=\"og:image\" content=\"https:\/\/basilian.org\/wp-content\/uploads\/2020\/09\/voices-raised-in-song-web.jpg\" \/>\n\t<meta property=\"og:image:width\" content=\"855\" \/>\n\t<meta property=\"og:image:height\" content=\"493\" \/>\n\t<meta property=\"og:image:type\" content=\"image\/jpeg\" \/>\n<meta name=\"twitter:card\" content=\"summary_large_image\" \/>\n<meta name=\"twitter:label1\" content=\"Tiempo de lectura\" \/>\n\t<meta name=\"twitter:data1\" content=\"3 minutos\" \/>\n<script type=\"application\/ld+json\" class=\"yoast-schema-graph\">{\"@context\":\"https:\/\/schema.org\",\"@graph\":[{\"@type\":\"WebPage\",\"@id\":\"https:\/\/basilian.org\/es\/vida-basiliana\/comunidad-y-vida-de-oracion\/\",\"url\":\"https:\/\/basilian.org\/es\/vida-basiliana\/comunidad-y-vida-de-oracion\/\",\"name\":\"Comunidad y Vida de Oraci\u00f3n - Padres Basilianos - Congregaci\u00f3n de San Basilio\",\"isPartOf\":{\"@id\":\"https:\/\/basilian.org\/es\/#website\"},\"datePublished\":\"2020-09-08T19:34:51+00:00\",\"dateModified\":\"2020-09-08T19:36:01+00:00\",\"breadcrumb\":{\"@id\":\"https:\/\/basilian.org\/es\/vida-basiliana\/comunidad-y-vida-de-oracion\/#breadcrumb\"},\"inLanguage\":\"es-MX\",\"potentialAction\":[{\"@type\":\"ReadAction\",\"target\":[\"https:\/\/basilian.org\/es\/vida-basiliana\/comunidad-y-vida-de-oracion\/\"]}]},{\"@type\":\"BreadcrumbList\",\"@id\":\"https:\/\/basilian.org\/es\/vida-basiliana\/comunidad-y-vida-de-oracion\/#breadcrumb\",\"itemListElement\":[{\"@type\":\"ListItem\",\"position\":1,\"name\":\"Home\",\"item\":\"https:\/\/basilian.org\/es\/\"},{\"@type\":\"ListItem\",\"position\":2,\"name\":\"Vida Basiliana\",\"item\":\"https:\/\/basilian.org\/es\/vida-basiliana\/\"},{\"@type\":\"ListItem\",\"position\":3,\"name\":\"Comunidad y Vida de Oraci\u00f3n\"}]},{\"@type\":\"WebSite\",\"@id\":\"https:\/\/basilian.org\/es\/#website\",\"url\":\"https:\/\/basilian.org\/es\/\",\"name\":\"Padres Basilianos\",\"description\":\"Congregaci\u00f3n de San Basilio\",\"publisher\":{\"@id\":\"https:\/\/basilian.org\/es\/#organization\"},\"potentialAction\":[{\"@type\":\"SearchAction\",\"target\":{\"@type\":\"EntryPoint\",\"urlTemplate\":\"https:\/\/basilian.org\/es\/?s={search_term_string}\"},\"query-input\":\"required name=search_term_string\"}],\"inLanguage\":\"es-MX\"},{\"@type\":\"Organization\",\"@id\":\"https:\/\/basilian.org\/es\/#organization\",\"name\":\"Congregation of St. Basil\",\"url\":\"https:\/\/basilian.org\/es\/\",\"logo\":{\"@type\":\"ImageObject\",\"inLanguage\":\"es-MX\",\"@id\":\"https:\/\/basilian.org\/es\/#\/schema\/logo\/image\/\",\"url\":\"https:\/\/basilian.org\/wp-content\/uploads\/2020\/08\/basilian-crest-new2.png\",\"contentUrl\":\"https:\/\/basilian.org\/wp-content\/uploads\/2020\/08\/basilian-crest-new2.png\",\"width\":250,\"height\":250,\"caption\":\"Congregation of St. Basil\"},\"image\":{\"@id\":\"https:\/\/basilian.org\/es\/#\/schema\/logo\/image\/\"}}]}<\/script>\n<!-- \/ Yoast SEO plugin. -->","yoast_head_json":{"title":"Comunidad y Vida de Oraci\u00f3n - Padres Basilianos - Congregaci\u00f3n de San Basilio","robots":{"index":"index","follow":"follow","max-snippet":"max-snippet:-1","max-image-preview":"max-image-preview:large","max-video-preview":"max-video-preview:-1"},"canonical":"https:\/\/basilian.org\/es\/vida-basiliana\/comunidad-y-vida-de-oracion\/","og_locale":"es_MX","og_type":"article","og_title":"Comunidad y Vida de Oraci\u00f3n - Padres Basilianos - Congregaci\u00f3n de San Basilio","og_description":"El estilo de vida Basiliano es basado en una vida en comunidad y oraci\u00f3n y centrado en la eucarist\u00eda. Estamos llamados a una vida junto a nuestros hermanos en una [&hellip;]","og_url":"https:\/\/basilian.org\/es\/vida-basiliana\/comunidad-y-vida-de-oracion\/","og_site_name":"Padres Basilianos","article_modified_time":"2020-09-08T19:36:01+00:00","og_image":[{"width":855,"height":493,"url":"https:\/\/basilian.org\/wp-content\/uploads\/2020\/09\/voices-raised-in-song-web.jpg","type":"image\/jpeg"}],"twitter_card":"summary_large_image","twitter_misc":{"Tiempo de lectura":"3 minutos"},"schema":{"@context":"https:\/\/schema.org","@graph":[{"@type":"WebPage","@id":"https:\/\/basilian.org\/es\/vida-basiliana\/comunidad-y-vida-de-oracion\/","url":"https:\/\/basilian.org\/es\/vida-basiliana\/comunidad-y-vida-de-oracion\/","name":"Comunidad y Vida de Oraci\u00f3n - Padres Basilianos - Congregaci\u00f3n de San Basilio","isPartOf":{"@id":"https:\/\/basilian.org\/es\/#website"},"datePublished":"2020-09-08T19:34:51+00:00","dateModified":"2020-09-08T19:36:01+00:00","breadcrumb":{"@id":"https:\/\/basilian.org\/es\/vida-basiliana\/comunidad-y-vida-de-oracion\/#breadcrumb"},"inLanguage":"es-MX","potentialAction":[{"@type":"ReadAction","target":["https:\/\/basilian.org\/es\/vida-basiliana\/comunidad-y-vida-de-oracion\/"]}]},{"@type":"BreadcrumbList","@id":"https:\/\/basilian.org\/es\/vida-basiliana\/comunidad-y-vida-de-oracion\/#breadcrumb","itemListElement":[{"@type":"ListItem","position":1,"name":"Home","item":"https:\/\/basilian.org\/es\/"},{"@type":"ListItem","position":2,"name":"Vida Basiliana","item":"https:\/\/basilian.org\/es\/vida-basiliana\/"},{"@type":"ListItem","position":3,"name":"Comunidad y Vida de Oraci\u00f3n"}]},{"@type":"WebSite","@id":"https:\/\/basilian.org\/es\/#website","url":"https:\/\/basilian.org\/es\/","name":"Padres Basilianos","description":"Congregaci\u00f3n de San Basilio","publisher":{"@id":"https:\/\/basilian.org\/es\/#organization"},"potentialAction":[{"@type":"SearchAction","target":{"@type":"EntryPoint","urlTemplate":"https:\/\/basilian.org\/es\/?s={search_term_string}"},"query-input":"required name=search_term_string"}],"inLanguage":"es-MX"},{"@type":"Organization","@id":"https:\/\/basilian.org\/es\/#organization","name":"Congregation of St. Basil","url":"https:\/\/basilian.org\/es\/","logo":{"@type":"ImageObject","inLanguage":"es-MX","@id":"https:\/\/basilian.org\/es\/#\/schema\/logo\/image\/","url":"https:\/\/basilian.org\/wp-content\/uploads\/2020\/08\/basilian-crest-new2.png","contentUrl":"https:\/\/basilian.org\/wp-content\/uploads\/2020\/08\/basilian-crest-new2.png","width":250,"height":250,"caption":"Congregation of St. Basil"},"image":{"@id":"https:\/\/basilian.org\/es\/#\/schema\/logo\/image\/"}}]}},"uagb_featured_image_src":{"full":["https:\/\/basilian.org\/wp-content\/uploads\/2020\/09\/voices-raised-in-song-web.jpg",855,493,false],"thumbnail":["https:\/\/basilian.org\/wp-content\/uploads\/2020\/09\/voices-raised-in-song-web-150x150.jpg",150,150,true],"medium":["https:\/\/basilian.org\/wp-content\/uploads\/2020\/09\/voices-raised-in-song-web-300x173.jpg",300,173,true],"medium_large":["https:\/\/basilian.org\/wp-content\/uploads\/2020\/09\/voices-raised-in-song-web-768x443.jpg",768,443,true],"large":["https:\/\/basilian.org\/wp-content\/uploads\/2020\/09\/voices-raised-in-song-web.jpg",855,493,false],"wpbgallery_admin_thumb":["https:\/\/basilian.org\/wp-content\/uploads\/2020\/09\/voices-raised-in-song-web-109x109.jpg",109,109,true],"wpbgallery_thumb":["https:\/\/basilian.org\/wp-content\/uploads\/2020\/09\/voices-raised-in-song-web-200x200.jpg",200,200,true],"1536x1536":["https:\/\/basilian.org\/wp-content\/uploads\/2020\/09\/voices-raised-in-song-web.jpg",855,493,false],"2048x2048":["https:\/\/basilian.org\/wp-content\/uploads\/2020\/09\/voices-raised-in-song-web.jpg",855,493,false],"featured":["https:\/\/basilian.org\/wp-content\/uploads\/2020\/09\/voices-raised-in-song-web-825x475.jpg",825,475,true]},"uagb_author_info":{"display_name":"Ilya Kovalevskiy","author_link":"https:\/\/basilian.org\/es\/author\/ilya_csb\/"},"uagb_comment_info":0,"uagb_excerpt":"El estilo de vida Basiliano es basado en una vida en comunidad y oraci\u00f3n y centrado en la eucarist\u00eda. Estamos llamados a una vida junto a nuestros hermanos en una [&hellip;]","_links":{"self":[{"href":"https:\/\/basilian.org\/es\/wp-json\/wp\/v2\/pages\/312"}],"collection":[{"href":"https:\/\/basilian.org\/es\/wp-json\/wp\/v2\/pages"}],"about":[{"href":"https:\/\/basilian.org\/es\/wp-json\/wp\/v2\/types\/page"}],"author":[{"embeddable":true,"href":"https:\/\/basilian.org\/es\/wp-json\/wp\/v2\/users\/282"}],"replies":[{"embeddable":true,"href":"https:\/\/basilian.org\/es\/wp-json\/wp\/v2\/comments?post=312"}],"version-history":[{"count":1,"href":"https:\/\/basilian.org\/es\/wp-json\/wp\/v2\/pages\/312\/revisions"}],"predecessor-version":[{"id":313,"href":"https:\/\/basilian.org\/es\/wp-json\/wp\/v2\/pages\/312\/revisions\/313"}],"up":[{"embeddable":true,"href":"https:\/\/basilian.org\/es\/wp-json\/wp\/v2\/pages\/286"}],"wp:featuredmedia":[{"embeddable":true,"href":"https:\/\/basilian.org\/es\/wp-json\/wp\/v2\/media\/3537"}],"wp:attachment":[{"href":"https:\/\/basilian.org\/es\/wp-json\/wp\/v2\/media?parent=312"}],"curies":[{"name":"wp","href":"https:\/\/api.w.org\/{rel}","templated":true}]}}

Comunidad y Vida de Oración

<p>El estilo de vida Basiliano es basado en una vida en comunidad y oración y centrado en la eucaristía. Estamos llamados a una vida junto a nuestros hermanos en una expresión de la naturaleza comunitaria de la Iglesia y nuestro compromiso mutuo como hermanos. El corazón de la vida Cristiana para los Basilianos es la casa comunitaria donde vivimos en hermandad y como tales, adoramos, comemos y nos recreamos juntos, no con un espíritu de mera conformidad, sino esforzándonos por estar unidos de corazón y alma así como lo hizo comunidad Cristiana anterior.</p>
<p>La vida en comunidad no sólo existe en las casas locales, sino que a través de toda la congregación donde se refleja bajo un sentido de compañerismo con lo que todos los Basilianos están haciendo, un interés en el pasado y en el futuro de la Comunidad, y una voluntad por parte de los individuos y las comunidades locales para hacer los sacrificios que serán necesarios para el bien común.</p>
<p>Tanto como individuos como entes comunitarios tratamos de reconocer que el Padre, el Hijo y el Espíritu Santo moran con nosotros y nos laman para compartir su vida. La oración es una respuesta necesaria a este llamado. Las personas a cuyo servicio estamos llamados cuentan con nosotros para alabar y agradecer continuamente al Padre por todo lo que ha hecho y para interceder entre nosotros y por todos los que están a nuestro cuidado. Sin una verdadera oración de nuestra parte, la vida y el trabajo al que estamos llamados estarían más allá de nuestras capacidades.</p>
<p>Una de las expresiones es nuestra entrega de adoración pública. En cada una de nuestras casas se ofrecen la Eucaristía y oraciones matutinas y del atardecer de acuerdo a la Liturgia de las Horas. En la celebración de la Eucaristía todos los Cristianos se unen bajo el Espíritu Santo. Por esta razón, la celebramos siempre que sea posible entre nosotros, así como con aquellos con quienes trabajamos.</p>
<p>Tal vez la mejor descripción de la espiritualidad Basiliana es un híbrido entre un diocesano y un orador religioso y el trabajo. Esto es porque los Basilianos fueron fundados por 10 sacerdotes diocesanos quienes se unieron durante la Revolución Francesa. Nuestra espiritualidad vive en el trabajo de apostolado y el amor a Dios experimentado en la comunidad.</p>
<p>En la práctica, la espiritualidad Basiliana es muy parecida a la que se encuentra en el Libro Ben Sirá, porque creemos que todos los aspectos de la vida pueden llevar a una persona a Dios. Consideramos que no sólo somos profesores y educadores de religión, sino que de todos los demás ramos de estudio: lenguaje, ciencias, humanidades, atletismo y más.</p>
<p>Cada uno de estos, cuando se usan por amor y para el mejoramiento de nuestra comunidad, transmiten el amor de Dios por el mundo. Los Basilianos creen que la espiritualidad no se limita a nuestras iglesias y al discurso teológico, sino que se vive en cada pensamiento que se manifiesta en el mundo.</p>

<p>El estilo de vida Basiliano es basado en una vida en comunidad y oración y centrado en la eucaristía. Estamos llamados a una vida junto a nuestros hermanos en una [&hellip;]</p>

<!-- This site is optimized with the Yoast SEO plugin v20.3 - https://yoast.com/wordpress/plugins/seo/ -->
<title>Comunidad y Vida de Oración - Padres Basilianos - Congregación de San Basilio</title>
<meta name="robots" content="index, follow, max-snippet:-1, max-image-preview:large, max-video-preview:-1" />
<link rel="canonical" href="https://basilian.org/es/vida-basiliana/comunidad-y-vida-de-oracion/" />
<meta property="og:locale" content="es_MX" />
<meta property="og:type" content="article" />
<meta property="og:title" content="Comunidad y Vida de Oración - Padres Basilianos - Congregación de San Basilio" />
<meta property="og:description" content="El estilo de vida Basiliano es basado en una vida en comunidad y oración y centrado en la eucaristía. Estamos llamados a una vida junto a nuestros hermanos en una [&hellip;]" />
<meta property="og:url" content="https://basilian.org/es/vida-basiliana/comunidad-y-vida-de-oracion/" />
<meta property="og:site_name" content="Padres Basilianos" />
<meta property="article:modified_time" content="2020-09-08T19:36:01+00:00" />
<meta property="og:image" content="https://basilian.org/wp-content/uploads/2020/09/voices-raised-in-song-web.jpg" />
	<meta property="og:image:width" content="855" />
	<meta property="og:image:height" content="493" />
	<meta property="og:image:type" content="image/jpeg" />
<meta name="twitter:card" content="summary_large_image" />
<meta name="twitter:label1" content="Tiempo de lectura" />
	<meta name="twitter:data1" content="3 minutos" />
<script type="application/ld+json" class="yoast-schema-graph">{"@context":"https://schema.org","@graph":[{"@type":"WebPage","@id":"https://basilian.org/es/vida-basiliana/comunidad-y-vida-de-oracion/","url":"https://basilian.org/es/vida-basiliana/comunidad-y-vida-de-oracion/","name":"Comunidad y Vida de Oración - Padres Basilianos - Congregación de San Basilio","isPartOf":{"@id":"https://basilian.org/es/#website"},"datePublished":"2020-09-08T19:34:51+00:00","dateModified":"2020-09-08T19:36:01+00:00","breadcrumb":{"@id":"https://basilian.org/es/vida-basiliana/comunidad-y-vida-de-oracion/#breadcrumb"},"inLanguage":"es-MX","potentialAction":[{"@type":"ReadAction","target":["https://basilian.org/es/vida-basiliana/comunidad-y-vida-de-oracion/"]}]},{"@type":"BreadcrumbList","@id":"https://basilian.org/es/vida-basiliana/comunidad-y-vida-de-oracion/#breadcrumb","itemListElement":[{"@type":"ListItem","position":1,"name":"Home","item":"https://basilian.org/es/"},{"@type":"ListItem","position":2,"name":"Vida Basiliana","item":"https://basilian.org/es/vida-basiliana/"},{"@type":"ListItem","position":3,"name":"Comunidad y Vida de Oración"}]},{"@type":"WebSite","@id":"https://basilian.org/es/#website","url":"https://basilian.org/es/","name":"Padres Basilianos","description":"Congregación de San Basilio","publisher":{"@id":"https://basilian.org/es/#organization"},"potentialAction":[{"@type":"SearchAction","target":{"@type":"EntryPoint","urlTemplate":"https://basilian.org/es/?s={search_term_string}"},"query-input":"required name=search_term_string"}],"inLanguage":"es-MX"},{"@type":"Organization","@id":"https://basilian.org/es/#organization","name":"Congregation of St. Basil","url":"https://basilian.org/es/","logo":{"@type":"ImageObject","inLanguage":"es-MX","@id":"https://basilian.org/es/#/schema/logo/image/","url":"https://basilian.org/wp-content/uploads/2020/08/basilian-crest-new2.png","contentUrl":"https://basilian.org/wp-content/uploads/2020/08/basilian-crest-new2.png","width":250,"height":250,"caption":"Congregation of St. Basil"},"image":{"@id":"https://basilian.org/es/#/schema/logo/image/"}}]}</script>
<!-- / Yoast SEO plugin. -->

Comunidad y Vida de Oración - Padres Basilianos - Congregación de San Basilio

El estilo de vida Basiliano es basado en una vida en comunidad y oración y centrado en la eucaristía. Estamos llamados a una vida junto a nuestros hermanos en una [&hellip;]

Congregación de San Basilio
